{"id":10,"date":"2014-03-15T21:35:40","date_gmt":"2014-03-15T21:35:40","guid":{"rendered":"http:\/\/mondego6.com\/infornos\/?page_id=10"},"modified":"2019-01-25T09:28:11","modified_gmt":"2019-01-25T09:28:11","slug":"publicidade-2","status":"publish","type":"page","link":"https:\/\/www.infornos.pt\/infornos\/publicidade-2\/","title":{"rendered":"Publicidade"},"content":{"rendered":"<div id=\"conteudos_servicos\">\n<div id=\"itens_servicos\">\n<div><img loading=\"lazy\" width=\"212\" height=\"300\" class=\" wp-image-41 alignleft\" src=\"http:\/\/infornos.pt\/infornos\/wp-content\/uploads\/2014\/03\/0001-212x300.jpg\" alt=\"0001\" srcset=\"https:\/\/www.infornos.pt\/infornos\/wp-content\/uploads\/2014\/03\/0001-212x300.jpg 212w, https:\/\/www.infornos.pt\/infornos\/wp-content\/uploads\/2014\/03\/0001.jpg 447w\" sizes=\"(max-width: 212px) 100vw, 212px\" \/>\u00a0\u00a0\u00a0\u00a0\u00a0\u00a0\u00a0\u00a0\u00a0 A<span style=\"color: #339966;\"><strong> Infornos<\/strong> <\/span>apresenta um conjunto de solu\u00e7\u00f5es, produtos gr\u00e1ficos, para melhor servir o cliente em todas as \u00e1reas de marketing, potenciando a imagem da sua empresa.<\/div>\n<div>\u00a0\u00a0\u00a0\u00a0\u00a0\u00a0\u00a0\u00a0\u00a0 Realizamos todo o tipo de impress\u00e3o em papel, cart\u00e3o, autocolante e outros materiais (sob consulta).<\/div>\n<div>\u00a0\u00a0\u00a0\u00a0\u00a0\u00a0\u00a0\u00a0\u00a0\u00a0 Dispomos de equipamento especializado para a realiza\u00e7\u00e3o dos mais diversos trabalhos em<strong> offset<\/strong>\u00a0&#8211; para impress\u00e3o de grandes quantidades &#8211; e\u00a0<strong>digital<\/strong>\u00a0&#8211; para impress\u00e3o de pequenas quantidades. Tamb\u00e9m fazemos trabalhos de corte e vinco, assim como relevo e lamina\u00e7\u00f5es.<\/div>\n<div>\u00a0\u00a0\u00a0\u00a0\u00a0\u00a0\u00a0\u00a0\u00a0 Disponibilizamos um alargado leque de produtos de qualidade no que diz respeito a\u00a0<strong>brindes publicit\u00e1rios<\/strong>\u00a0(canetas, bon\u00e9s, porta-chaves, agendas, isqueiros, sacos e muitos outros),\u00a0<strong>vestu\u00e1rio<\/strong>\u00a0(t-shirts, polos, fardamentos, fardas, entre outros) e\u00a0<strong>sacos <\/strong>(de papel, pl\u00e1stico e tecido).<\/div>\n<div>\u00a0\u00a0\u00a0\u00a0\u00a0\u00a0\u00a0\u00a0\u00a0 Com todos os servi\u00e7os que disponibilizamos o nosso objetivo passa por assegurar qualidade e rapidez desde o in\u00edcio do processo produtivo at\u00e9 \u00e0 entrega do trabalho final. Para tal, temos em conta 4 etapas de produ\u00e7\u00e3o fundamentais:\u00a0<strong>Atendimento do Cliente<\/strong>,\u00a0<strong>Pr\u00e9-Impress\u00e3o, Im<\/strong><strong>press\u00e3o<\/strong>\u00a0e\u00a0<strong>Acabamento<\/strong>.<\/div>\n<div><\/div>\n<div><\/div>\n<div><em><strong><span style=\"color: #ff0000;\">Visite os Nosso Cat\u00e1logos em <span style=\"text-decoration: underline;\"><a href=\"http:\/\/www.toudigital.com.pt\" target=\"_blank\"><span style=\"color: #ff0000; text-decoration: underline;\">www.toudigital.com.pt<\/span><\/a><\/span><\/span><\/strong><\/em><\/div>\n<div><\/div>\n<div>[divider_top]<\/div>\n<p>[fancy_images width=&#8221;50&#8243;]<br \/>\n[image]http:\/\/infornos.pt\/infornos\/wp-content\/uploads\/2014\/03\/gclopes.jpg[\/image]<br \/>\n[image]http:\/\/infornos.pt\/infornos\/wp-content\/uploads\/2014\/03\/movifnros.jpg[\/image]<br \/>\n[image]http:\/\/infornos.pt\/infornos\/wp-content\/uploads\/2014\/03\/possidonio.jpg[\/image]<br \/>\n[image]http:\/\/infornos.pt\/infornos\/wp-content\/uploads\/2014\/03\/junta2.jpg[\/image]<\/p>\n<p>[image]http:\/\/infornos.pt\/infornos\/wp-content\/uploads\/2014\/03\/0026.jpg[\/image]<\/p>\n<p>[image]http:\/\/infornos.pt\/infornos\/wp-content\/uploads\/2014\/03\/00195324e737b1abc.jpg[\/image]<\/p>\n<p>[image]http:\/\/infornos.pt\/infornos\/wp-content\/uploads\/2014\/03\/0013.jpg[\/image]<\/p>\n<p>[image]http:\/\/infornos.pt\/infornos\/wp-content\/uploads\/2014\/03\/00025324e216a38ee.jpg[\/image]<\/p>\n<p>[image]http:\/\/infornos.pt\/infornos\/wp-content\/uploads\/2014\/03\/0011.jpg[\/image]<\/p>\n<p>[image]http:\/\/infornos.pt\/infornos\/wp-content\/uploads\/2014\/03\/fida.jpg[\/image]<\/p>\n<p>[\/fancy_images]<\/p>\n<p>[divider_top]<\/p>\n<div>[one_fourth]<strong>Vestu\u00e1rio <\/strong>T&#8217;Shirts, Polos, Fardas, Bon\u00e9s, Panam\u00e1s, Batas, Aventais, Coletes, Botas, Sweats, Equip. Desportivos, Vestu\u00e1rio Profissional e Prote\u00e7\u00e3o Laboral (Ind\u00fastria, Hotelaria, Restaura\u00e7\u00e3o e Sa\u00fade), Outros.[\/one_fourth]<br \/>\n[one_fourth]<strong>Brindes Publicit\u00e1rios <\/strong>Esferogr\u00e1ficas, Isqueiros, Porta-Chaves, Rel\u00f3gios, Pens, Matr\u00edculas Autom\u00f3vel, Fitas de Pesco\u00e7o, Pastas, R\u00e9guas, L\u00e1pis, Lembran\u00e7as de Casamento e Batizado, todo o tipo de brindes.[\/one_fourth]<br \/>\n[one_fourth]<strong>Sacos <\/strong>Papel | Botique, Frangos e Pastelaria &#8211; Pl\u00e1stico | Al\u00e7a e Corte Feij\u00e3o &#8211; Tecido | Pano Cr\u00fa e Non Woven &#8211; (V\u00e1rias cores e medidas)[\/one_fourth]<\/div>\n<\/div>\n<div>\n<div>[one_fourth_last]<strong>Produ\u00e7\u00e3o de <\/strong>Reclamos Luminosos (v\u00e1rios tipos), Toldos, Placas, Mastros, Sinal\u00e9tica interior e exterior, Lonas (v\u00e1rios tipos), Sistemas de Exposi\u00e7\u00e3o, Letras em Inox, Lat\u00e3o e Acr\u00edlico, Outros.[\/one_fourth_last]<\/div>\n<div><\/div>\n<div>[divider_top]<\/div>\n<div><\/div>\n<div>[fancy_images width=&#8221;50&#8243;]<br \/>\n[image]http:\/\/infornos.pt\/infornos\/wp-content\/uploads\/2014\/03\/cartao1.jpg[\/image]<br \/>\n[image]http:\/\/infornos.pt\/infornos\/wp-content\/uploads\/2014\/03\/flyer9.jpg[\/image]<br \/>\n[image]http:\/\/infornos.pt\/infornos\/wp-content\/uploads\/2014\/03\/rotolos.jpg[\/image]<br \/>\n[image]http:\/\/infornos.pt\/infornos\/wp-content\/uploads\/2014\/03\/pizza.jpg[\/image]<br \/>\n[image]http:\/\/infornos.pt\/infornos\/wp-content\/uploads\/2014\/03\/vendeseaqui.jpg[\/image]<br \/>\n[image]http:\/\/infornos.pt\/infornos\/wp-content\/uploads\/2014\/03\/horario.jpg[\/image]<br \/>\n[image]http:\/\/infornos.pt\/infornos\/wp-content\/uploads\/2014\/03\/jj.jpg[\/image]<br \/>\n[image]http:\/\/infornos.pt\/infornos\/wp-content\/uploads\/2014\/03\/k5.jpg[\/image]<br \/>\n[image]http:\/\/infornos.pt\/infornos\/wp-content\/uploads\/2014\/03\/rifas.jpg[\/image]<br \/>\n[image]http:\/\/infornos.pt\/infornos\/wp-content\/uploads\/2014\/03\/A0007.jpg[\/image]<br \/>\n[\/fancy_images]<\/div>\n<div><\/div>\n<div>[divider_top]<\/div>\n<div>\n<p>[one_fourth]<strong>Decora\u00e7\u00e3o de<\/strong> Viaturas Comerciais e Outras, Outdoors, Montras, Hot\u00e9is, Espa\u00e7os Comerciais (Ex.: Restaurantes), Habita\u00e7\u00f5es (Ex.: Quartos), Stands, Expositores, Outros.[\/one_fourth]<br \/>\n[one_fourth]<strong>Impress\u00e3o Offset <\/strong>Cart\u00f5es-de-Visita, Envelopes, Of\u00edcios, Cartazes, Flyers, Convites, Folhetos, Etiquetas, Desdobr\u00e1veis, Etiquetas, Calend\u00e1rios, V\/ a Dinheiro, Faturas, Guias de Transporte, Outros.[\/one_fourth]<br \/>\n[one_fourth]<strong>Impress\u00e3o Digital <\/strong>Vinil, Lonas, Cartazes, Outdoors, Tela para Quadros, Bandeiras, Papel Normal e Fotogr\u00e1fico, Acabamentos &#8211; Lamina\u00e7\u00e3o e Encapsula\u00e7\u00e3o (brilho ou mate), Outros.[\/one_fourth][one_fourth_last]Pin&#8217;s, Crach\u00e1s, Carimbos Carimbos (Autotintados Alta Qualidade), Crach\u00e1s (Identifica\u00e7\u00e3o e Personalizados), Pin&#8217;s (Fundidos e Lat\u00e3o Vitrificados), Galhadertes (Pl\u00e1stico e Tecido).[\/one_fourth_last]<\/p>\n<p>[divider_top]<\/p>\n<\/div>\n<div id=\"item_servicos\">\n<div id=\"bola_servicos\">\n<div id=\"texto_item_serv\">[one_fourth_last]<strong>Design Gr\u00e1fico<\/strong> Imagem Corporativa, Logotipos, Cart\u00f5es-de-Visita, Papel de Of\u00edcio, Envelopes, Pasta de Documentos, Cartazes, Flyers, Convites, Faturas, Brochuras, Outros.<\/div>\n<div>[\/one_fourth_last]<\/div>\n<\/div>\n<\/div>\n<\/div>\n<div id=\"itens_servicos\"><\/div>\n<\/div>\n","protected":false},"excerpt":{"rendered":"<p>\u00a0\u00a0\u00a0\u00a0\u00a0\u00a0\u00a0\u00a0\u00a0 A Infornos apresenta um conjunto de solu\u00e7\u00f5es, produtos gr\u00e1ficos, para melhor servir o cliente em todas as \u00e1reas de marketing, potenciando a imagem da sua empresa. \u00a0\u00a0\u00a0\u00a0\u00a0\u00a0\u00a0\u00a0\u00a0 Realizamos todo o tipo de impress\u00e3o em papel, cart\u00e3o, autocolante e outros materiais (sob consulta). \u00a0\u00a0\u00a0\u00a0\u00a0\u00a0\u00a0\u00a0\u00a0\u00a0 Dispomos de equipamento especializado para a realiza\u00e7\u00e3o dos mais diversos trabalhos [&hellip;]<\/p>\n","protected":false},"author":1,"featured_media":0,"parent":0,"menu_order":0,"comment_status":"open","ping_status":"closed","template":"","meta":[],"_links":{"self":[{"href":"https:\/\/www.infornos.pt\/infornos\/wp-json\/wp\/v2\/pages\/10"}],"collection":[{"href":"https:\/\/www.infornos.pt\/infornos\/wp-json\/wp\/v2\/pages"}],"about":[{"href":"https:\/\/www.infornos.pt\/infornos\/wp-json\/wp\/v2\/types\/page"}],"author":[{"embeddable":true,"href":"https:\/\/www.infornos.pt\/infornos\/wp-json\/wp\/v2\/users\/1"}],"replies":[{"embeddable":true,"href":"https:\/\/www.infornos.pt\/infornos\/wp-json\/wp\/v2\/comments?post=10"}],"version-history":[{"count":56,"href":"https:\/\/www.infornos.pt\/infornos\/wp-json\/wp\/v2\/pages\/10\/revisions"}],"predecessor-version":[{"id":241,"href":"https:\/\/www.infornos.pt\/infornos\/wp-json\/wp\/v2\/pages\/10\/revisions\/241"}],"wp:attachment":[{"href":"https:\/\/www.infornos.pt\/infornos\/wp-json\/wp\/v2\/media?parent=10"}],"curies":[{"name":"wp","href":"https:\/\/api.w.org\/{rel}","templated":true}]}}